{"id":296,"date":"2026-02-17T22:23:08","date_gmt":"2026-02-17T22:23:08","guid":{"rendered":"https:\/\/seg-electronica.com.ar\/?post_type=product&#038;p=296"},"modified":"2026-02-17T22:27:58","modified_gmt":"2026-02-17T22:27:58","slug":"parlante-bluetooth-nex-kspw6e-karaoke-nuevos-de-outlet-negro","status":"publish","type":"product","link":"https:\/\/seg-electronica.com.ar\/?product=parlante-bluetooth-nex-kspw6e-karaoke-nuevos-de-outlet-negro","title":{"rendered":"Parlante Bluetooth Nex Kspw6e Karaoke Nuevos De Outlet Negro"},"content":{"rendered":"<p>&nbsp;<\/p>\n<p>Parlante Nex KSPW6EEl Parlante Nex KSPW6E es una torre de sonido port\u00e1til dise\u00f1ada para brindar una experiencia de audio potente y vers\u00e1til, ideal para eventos, reuniones o uso dom\u00e9stico.<\/p>\n<p>&nbsp;<\/p>\n<p>Al ser de OUTLET no cuentan con la caja original ni el manual de servicio.<\/p>\n<p>Se les cambio la bater\u00eda por una de mejor calidad y mas capacidad, as\u00ed que si con la bater\u00eda original el manual dice que duraba hasta 9 horas con esta tendr\u00eda que durar muuucho mas.<\/p>\n<p>La bater\u00eda nueva es de 12V 7Ah (serian 7000 mAh).<\/p>\n<p>&nbsp;<\/p>\n<p>&nbsp;<\/p>\n<p>Caracter\u00edsticas principales<\/p>\n<p>Potencia de salida: 90 W RMS, ofreciendo un sonido claro y potente.<\/p>\n<p>RMS Significa potencia Real de Salida, en otros avisos dice la potencia PMPO es una estafa.<\/p>\n<p>90 W RMS es aproximadamente 1350 W PMPO (estimaci\u00f3n promedio).<\/p>\n<p>Configuraci\u00f3n de audio: Sistema 2.1 con un subwoofer de 8&#8243; y dos tweeters de 3&#8243;, proporcionando una reproducci\u00f3n equilibrada de bajos y agudos.<\/p>\n<p>Conectividad:<\/p>\n<p>Bluetooth 5.0 para conexi\u00f3n inal\u00e1mbrica con dispositivos compatibles.<\/p>\n<p>Entradas USB, AUX y ranura para tarjeta SD, ampliando las opciones de reproducci\u00f3n.<\/p>\n<p>Sintonizador de radio FM incorporado.<\/p>\n<p>Funciones adicionales:<\/p>\n<p>Modo karaoke con dos entradas para micr\u00f3fono y control de eco independiente.<\/p>\n<p>Ecualizador con 5 niveles de ajuste para personalizar el sonido.<\/p>\n<p>Luces LED r\u00edtmicas que pueden activarse o desactivarse seg\u00fan preferencia.<\/p>\n<p>Bater\u00eda:<\/p>\n<p>Bater\u00eda recargable de 12V\/4000 mAh, ofreciendo hasta 9 horas de autonom\u00eda.<\/p>\n<p>Puede funcionar conectado a la corriente el\u00e9ctrica (220V).<\/p>\n<p>Dise\u00f1o y portabilidad:<\/p>\n<p>Dimensiones: 55 cm de alto, 33 cm de ancho y 34 cm de profundidad.<\/p>\n<p>Peso: 6 kg.<\/p>\n<p>Incluye ruedas y manija para facilitar su transporte.<\/p>\n<p>Dise\u00f1o en color negro con acabado moderno.<\/p>\n<p>Accesorios incluidos:<\/p>\n<p>Micr\u00f3fono inal\u00e1mbrico para sesiones de karaoke.<\/p>\n<p>Cables de entrada de l\u00ednea de audio.<\/p>\n<p>Cable de alimentaci\u00f3n de 220V.<\/p>\n<p>&nbsp;<\/p>\n<p>Envi\u00f3 a todo el pa\u00eds por Pack.Ar de Correo Argentino.<\/p>\n<p>Antes de ofertar o realizar tu compra consult\u00e1 todas tus dudas.<\/p>\n","protected":false},"excerpt":{"rendered":"<p>&nbsp;<\/p>\n<p><span class=\"x193iq5w xeuugli x13faqbe x1vvkbs x1xmvt09 x1lliihq x1s928wv xhkezso x1gmr53x x1cpjm7i x1fgarty x1943h6x xudqn12 x3x7a5m x6prxxf xvq8zen xo1l8bm xzsf02u\" dir=\"auto\">Parlante BLUETHOOT Nex Modelo KSPW6EEl\u00a0 es una torre de sonido grande pesada bien construida pero port\u00e1til dise\u00f1ada con ruedas y manija de transporte para brindar una experiencia de audio potente y vers\u00e1til, ideal para eventos, reuniones o uso dom\u00e9stico.<\/span><\/p>\n<p><span class=\"x193iq5w xeuugli x13faqbe x1vvkbs x1xmvt09 x1lliihq x1s928wv xhkezso x1gmr53x x1cpjm7i x1fgarty x1943h6x xudqn12 x3x7a5m x6prxxf xvq8zen xo1l8bm xzsf02u\" dir=\"auto\"> Potencia de salida: 90 W RMS, ofreciendo un sonido claro y potente. Bater\u00eda: Bater\u00eda recargable de 12V\/7000 mAh, ofreciendo mas de 9 horas de autonom\u00eda. Dimensiones: 55 cm de alto, 33 cm de ancho y 34 cm de profundidad. Peso: 6 kg.<\/span><\/p>\n","protected":false},"featured_media":297,"comment_status":"open","ping_status":"closed","template":"","meta":[],"product_brand":[],"product_cat":[17],"product_tag":[],"class_list":{"0":"post-296","1":"product","2":"type-product","3":"status-publish","4":"has-post-thumbnail","6":"product_cat-audio","8":"first","9":"instock","10":"sold-individually","11":"shipping-taxable","12":"purchasable","13":"product-type-simple"},"jetpack_sharing_enabled":true,"_links":{"self":[{"href":"https:\/\/seg-electronica.com.ar\/index.php?rest_route=\/wp\/v2\/product\/296","targetHints":{"allow":["GET"]}}],"collection":[{"href":"https:\/\/seg-electronica.com.ar\/index.php?rest_route=\/wp\/v2\/product"}],"about":[{"href":"https:\/\/seg-electronica.com.ar\/index.php?rest_route=\/wp\/v2\/types\/product"}],"replies":[{"embeddable":true,"href":"https:\/\/seg-electronica.com.ar\/index.php?rest_route=%2Fwp%2Fv2%2Fcomments&post=296"}],"wp:featuredmedia":[{"embeddable":true,"href":"https:\/\/seg-electronica.com.ar\/index.php?rest_route=\/wp\/v2\/media\/297"}],"wp:attachment":[{"href":"https:\/\/seg-electronica.com.ar\/index.php?rest_route=%2Fwp%2Fv2%2Fmedia&parent=296"}],"wp:term":[{"taxonomy":"product_brand","embeddable":true,"href":"https:\/\/seg-electronica.com.ar\/index.php?rest_route=%2Fwp%2Fv2%2Fproduct_brand&post=296"},{"taxonomy":"product_cat","embeddable":true,"href":"https:\/\/seg-electronica.com.ar\/index.php?rest_route=%2Fwp%2Fv2%2Fproduct_cat&post=296"},{"taxonomy":"product_tag","embeddable":true,"href":"https:\/\/seg-electronica.com.ar\/index.php?rest_route=%2Fwp%2Fv2%2Fproduct_tag&post=296"}],"curies":[{"name":"wp","href":"https:\/\/api.w.org\/{rel}","templated":true}]}}