{"id":351,"date":"2026-02-18T05:52:41","date_gmt":"2026-02-18T05:52:41","guid":{"rendered":"https:\/\/seg-electronica.com.ar\/?product=scanner-kodak-i940-con-alimentador-automatica-de-hojas-2"},"modified":"2026-03-03T05:23:20","modified_gmt":"2026-03-03T05:23:20","slug":"scanner-kodak-i940-con-alimentador-automatica-de-hojas-2","status":"publish","type":"product","link":"https:\/\/seg-electronica.com.ar\/?product=scanner-kodak-i940-con-alimentador-automatica-de-hojas-2","title":{"rendered":"Scanner Kodak I940 Con Alimentador Autom\u00e1tica De Hojas."},"content":{"rendered":"<p>&nbsp;<\/p>\n<p>Kodak ScanMate i940.<\/p>\n<p>Tama\u00f1o m\u00e1ximo de escaneado: 216 x 1524 mm<br \/>\nResoluci\u00f3n \u00f3ptica de esc\u00e1ner: 600 x 600 DPI<br \/>\nVelocidad de escaneo ADF (b\/n, A4): 20 ppm.<br \/>\nTipo de escaneado: Esc\u00e1ner con alimentador autom\u00e1tico de documentos (ADF)<br \/>\nColor del producto: Negro, Gris.<br \/>\nTipo de sensor: CIS<br \/>\nCiclo de trabajo diario (max): 1000 p\u00e1ginas<br \/>\nFormatos de archivo para escaneo: BMP,JPG,PDF,RTF,TIFF.<br \/>\nCapacidad del alimentador autom\u00e1tico de documentos: 20 hojas. Tama\u00f1o m\u00e1ximo de papel ISO A-series: A4<br \/>\nTipos de media soportados de escaneo: Papel normal, Tarjeta de pl\u00e1stico<br \/>\nPeso del papel en Alimentador de Documentos Autom\u00e1tico: 30 \u2013 398 g\/m\u00b2<\/p>\n<p>Fuente de alimentaci\u00f3n de 12V 1,5A incluida<\/p>\n<p>Envio a todo el pais por correo argentino.<\/p>\n<p>&nbsp;<\/p>\n<p>Antes de ofertar o realizar tu compra consult\u00e1 todas tus dudas.<\/p>\n<p>&nbsp;<\/p>\n","protected":false},"excerpt":{"rendered":"<p>&nbsp;<\/p>\n<p>Scanner Kodak I940 Con Alimentador Autom\u00e1tica De Hojas.<\/p>\n","protected":false},"featured_media":350,"comment_status":"open","ping_status":"closed","template":"","meta":[],"product_brand":[49],"product_cat":[50],"product_tag":[],"class_list":{"0":"post-351","1":"product","2":"type-product","3":"status-publish","4":"has-post-thumbnail","6":"product_brand-kodak","7":"product_cat-scanner","9":"first","10":"instock","11":"taxable","12":"shipping-taxable","13":"purchasable","14":"product-type-simple"},"jetpack_sharing_enabled":true,"_links":{"self":[{"href":"https:\/\/seg-electronica.com.ar\/index.php?rest_route=\/wp\/v2\/product\/351","targetHints":{"allow":["GET"]}}],"collection":[{"href":"https:\/\/seg-electronica.com.ar\/index.php?rest_route=\/wp\/v2\/product"}],"about":[{"href":"https:\/\/seg-electronica.com.ar\/index.php?rest_route=\/wp\/v2\/types\/product"}],"replies":[{"embeddable":true,"href":"https:\/\/seg-electronica.com.ar\/index.php?rest_route=%2Fwp%2Fv2%2Fcomments&post=351"}],"wp:featuredmedia":[{"embeddable":true,"href":"https:\/\/seg-electronica.com.ar\/index.php?rest_route=\/wp\/v2\/media\/350"}],"wp:attachment":[{"href":"https:\/\/seg-electronica.com.ar\/index.php?rest_route=%2Fwp%2Fv2%2Fmedia&parent=351"}],"wp:term":[{"taxonomy":"product_brand","embeddable":true,"href":"https:\/\/seg-electronica.com.ar\/index.php?rest_route=%2Fwp%2Fv2%2Fproduct_brand&post=351"},{"taxonomy":"product_cat","embeddable":true,"href":"https:\/\/seg-electronica.com.ar\/index.php?rest_route=%2Fwp%2Fv2%2Fproduct_cat&post=351"},{"taxonomy":"product_tag","embeddable":true,"href":"https:\/\/seg-electronica.com.ar\/index.php?rest_route=%2Fwp%2Fv2%2Fproduct_tag&post=351"}],"curies":[{"name":"wp","href":"https:\/\/api.w.org\/{rel}","templated":true}]}}