{"id":594,"date":"2026-02-19T19:33:40","date_gmt":"2026-02-19T19:33:40","guid":{"rendered":"https:\/\/seg-electronica.com.ar\/?product=memorias-ddr-o-ddr1-de-1gb-x-2-unidades-2"},"modified":"2026-04-08T00:06:55","modified_gmt":"2026-04-08T00:06:55","slug":"memorias-ddr-o-ddr1-de-1gb-x-2-unidades-2","status":"publish","type":"product","link":"https:\/\/seg-electronica.com.ar\/?product=memorias-ddr-o-ddr1-de-1gb-x-2-unidades-2","title":{"rendered":"Memorias para PC DDR De 1gb tambien llamadas DDR1"},"content":{"rendered":"<p>Memorias para PC DDR de 1Gb<\/p>\n<p>Si quer\u00e9s darle un poco mas de vida util a tu CPU antiguo que usa memorias DDR o DDR1 estas memorias son lo que necesitas, es la capacidad m\u00e1xima que salieron de estas memorias.<\/p>\n<p>&nbsp;<\/p>\n<p>De marcas varias como kingston, Super talent, Markvision, Samsung.<\/p>\n<p>Las fotos son reales de los productos que ofrezco pero ya se pueden haber vendido algunas.<\/p>\n<p>&nbsp;<\/p>\n<p>\u00a1Tu pregunta no molesta!<\/p>\n<p>Estamos en la ciudad de C\u00f3rdoba en barrio Jard\u00edn, cerca de ciudad universitaria, Buscanos como SEG Electr\u00f3nica.<\/p>\n","protected":false},"excerpt":{"rendered":"<p>Memorias para PC DDR De 1gb tambi\u00e9n llamadas DDR o DDR1 de formato Dimm<\/p>\n","protected":false},"featured_media":626,"comment_status":"open","ping_status":"closed","template":"","meta":[],"product_brand":[25],"product_cat":[29],"product_tag":[83,32,82],"class_list":{"0":"post-594","1":"product","2":"type-product","3":"status-publish","4":"has-post-thumbnail","6":"product_brand-kingston","7":"product_cat-memorias-pc","8":"product_tag-ddr","9":"product_tag-dimm","10":"product_tag-ram","12":"first","13":"instock","14":"shipping-taxable","15":"purchasable","16":"product-type-simple"},"jetpack_sharing_enabled":true,"_links":{"self":[{"href":"https:\/\/seg-electronica.com.ar\/index.php?rest_route=\/wp\/v2\/product\/594","targetHints":{"allow":["GET"]}}],"collection":[{"href":"https:\/\/seg-electronica.com.ar\/index.php?rest_route=\/wp\/v2\/product"}],"about":[{"href":"https:\/\/seg-electronica.com.ar\/index.php?rest_route=\/wp\/v2\/types\/product"}],"replies":[{"embeddable":true,"href":"https:\/\/seg-electronica.com.ar\/index.php?rest_route=%2Fwp%2Fv2%2Fcomments&post=594"}],"wp:featuredmedia":[{"embeddable":true,"href":"https:\/\/seg-electronica.com.ar\/index.php?rest_route=\/wp\/v2\/media\/626"}],"wp:attachment":[{"href":"https:\/\/seg-electronica.com.ar\/index.php?rest_route=%2Fwp%2Fv2%2Fmedia&parent=594"}],"wp:term":[{"taxonomy":"product_brand","embeddable":true,"href":"https:\/\/seg-electronica.com.ar\/index.php?rest_route=%2Fwp%2Fv2%2Fproduct_brand&post=594"},{"taxonomy":"product_cat","embeddable":true,"href":"https:\/\/seg-electronica.com.ar\/index.php?rest_route=%2Fwp%2Fv2%2Fproduct_cat&post=594"},{"taxonomy":"product_tag","embeddable":true,"href":"https:\/\/seg-electronica.com.ar\/index.php?rest_route=%2Fwp%2Fv2%2Fproduct_tag&post=594"}],"curies":[{"name":"wp","href":"https:\/\/api.w.org\/{rel}","templated":true}]}}